[INFO] cloning repository https://github.com/Carl-Foster/snek
[INFO] running `Command { std: "git" "-c" "credential.helper=" "-c" "credential.helper=/workspace/cargo-home/bin/git-credential-null" "clone" "--bare" "https://github.com/Carl-Foster/snek" "/workspace/cache/git-repos/https%3A%2F%2Fgithub.com%2FCarl-Foster%2Fsnek", kill_on_drop: false }`
[INFO] [stderr] Cloning into bare repository '/workspace/cache/git-repos/https%3A%2F%2Fgithub.com%2FCarl-Foster%2Fsnek'...
[INFO] running `Command { std: "git" "rev-parse" "HEAD", kill_on_drop: false }`
[INFO] [stdout] 8cdf91ac6705cda7b8ac70c27649e9b89be7de85
[INFO] checking Carl-Foster/snek against master#af3c6e733a40e671550e0f0f5aeecaa13772ba56 for pr-74989
[INFO] running `Command { std: "git" "clone" "/workspace/cache/git-repos/https%3A%2F%2Fgithub.com%2FCarl-Foster%2Fsnek" "/workspace/builds/worker-4/source", kill_on_drop: false }`
[INFO] [stderr] Cloning into '/workspace/builds/worker-4/source'...
[INFO] [stderr] done.
[INFO] validating manifest of git repo https://github.com/Carl-Foster/snek on toolchain af3c6e733a40e671550e0f0f5aeecaa13772ba56
[INFO] running `Command { std: "/workspace/cargo-home/bin/cargo" "+af3c6e733a40e671550e0f0f5aeecaa13772ba56" "read-manifest" "--manifest-path" "Cargo.toml", kill_on_drop: false }`
[INFO] started tweaking git repo https://github.com/Carl-Foster/snek
[INFO] finished tweaking git repo https://github.com/Carl-Foster/snek
[INFO] tweaked toml for git repo https://github.com/Carl-Foster/snek written to /workspace/builds/worker-4/source/Cargo.toml
[INFO] crate git repo https://github.com/Carl-Foster/snek already has a lockfile, it will not be regenerated
[INFO] running `Command { std: "/workspace/cargo-home/bin/cargo" "+af3c6e733a40e671550e0f0f5aeecaa13772ba56" "fetch" "--locked" "--manifest-path" "Cargo.toml", kill_on_drop: false }`
[INFO] [stderr] error: the lock file /workspace/builds/worker-4/source/Cargo.lock needs to be updated but --locked was passed to prevent this
[INFO] [stderr] If you want to try to generate the lock file without accessing the network, use the --offline flag.
[INFO] the lockfile is outdated, regenerating it
[INFO] running `Command { std: "/workspace/cargo-home/bin/cargo" "+af3c6e733a40e671550e0f0f5aeecaa13772ba56" "generate-lockfile" "--manifest-path" "Cargo.toml" "-Zno-index-update", kill_on_drop: false }`
[INFO] running `Command { std: "/workspace/cargo-home/bin/cargo" "+af3c6e733a40e671550e0f0f5aeecaa13772ba56" "fetch" "--locked" "--manifest-path" "Cargo.toml", kill_on_drop: false }`
[INFO] running `Command { std: "docker" "create" "-v" "/var/lib/crater-agent-workspace/builds/worker-4/target:/opt/rustwide/target:rw,Z" "-v" "/var/lib/crater-agent-workspace/builds/worker-4/source:/opt/rustwide/workdir:ro,Z" "-v" "/var/lib/crater-agent-workspace/cargo-home:/opt/rustwide/cargo-home:ro,Z" "-v" "/var/lib/crater-agent-workspace/rustup-home:/opt/rustwide/rustup-home:ro,Z" "-e" "SOURCE_DIR=/opt/rustwide/workdir" "-e" "CARGO_TARGET_DIR=/opt/rustwide/target" "-e" "CARGO_HOME=/opt/rustwide/cargo-home" "-e" "RUSTUP_HOME=/opt/rustwide/rustup-home" "-w" "/opt/rustwide/workdir" "-m" "1610612736" "--user" "0:0" "--network" "none" "rustops/crates-build-env@sha256:d92eaeed33fa75130ca1ee6c8a01d1ffb62bac859dfdfb3450e3e5d1c0146529" "/opt/rustwide/cargo-home/bin/cargo" "+af3c6e733a40e671550e0f0f5aeecaa13772ba56" "metadata" "--no-deps" "--format-version=1", kill_on_drop: false }`
[INFO] [stdout] 8c46e0dad15c689ae20f1e9377a9ab6fb6a04b5d47fd905459e52c9d0981c687
[INFO] [stderr] WARNING: Your kernel does not support swap limit capabilities or the cgroup is not mounted. Memory limited without swap.
[INFO] running `Command { std: "docker" "start" "-a" "8c46e0dad15c689ae20f1e9377a9ab6fb6a04b5d47fd905459e52c9d0981c687", kill_on_drop: false }`
[INFO] running `Command { std: "docker" "inspect" "8c46e0dad15c689ae20f1e9377a9ab6fb6a04b5d47fd905459e52c9d0981c687", kill_on_drop: false }`
[INFO] running `Command { std: "docker" "rm" "-f" "8c46e0dad15c689ae20f1e9377a9ab6fb6a04b5d47fd905459e52c9d0981c687", kill_on_drop: false }`
[INFO] [stdout] 8c46e0dad15c689ae20f1e9377a9ab6fb6a04b5d47fd905459e52c9d0981c687
[INFO] running `Command { std: "docker" "create" "-v" "/var/lib/crater-agent-workspace/builds/worker-4/target:/opt/rustwide/target:rw,Z" "-v" "/var/lib/crater-agent-workspace/builds/worker-4/source:/opt/rustwide/workdir:ro,Z" "-v" "/var/lib/crater-agent-workspace/cargo-home:/opt/rustwide/cargo-home:ro,Z" "-v" "/var/lib/crater-agent-workspace/rustup-home:/opt/rustwide/rustup-home:ro,Z" "-e" "SOURCE_DIR=/opt/rustwide/workdir" "-e" "CARGO_TARGET_DIR=/opt/rustwide/target" "-e" "CARGO_INCREMENTAL=0" "-e" "RUST_BACKTRACE=full" "-e" "RUSTFLAGS=--cap-lints=forbid" "-e" "CARGO_HOME=/opt/rustwide/cargo-home" "-e" "RUSTUP_HOME=/opt/rustwide/rustup-home" "-w" "/opt/rustwide/workdir" "-m" "1610612736" "--user" "0:0" "--network" "none" "rustops/crates-build-env@sha256:d92eaeed33fa75130ca1ee6c8a01d1ffb62bac859dfdfb3450e3e5d1c0146529" "/opt/rustwide/cargo-home/bin/cargo" "+af3c6e733a40e671550e0f0f5aeecaa13772ba56" "check" "--frozen" "--all" "--all-targets" "--message-format=json", kill_on_drop: false }`
[INFO] [stdout] 5a9abdd0aea8f41377025ee1c36eccbfe867aee0fe55ef3267a76d44e559d6ed
[INFO] [stderr] WARNING: Your kernel does not support swap limit capabilities or the cgroup is not mounted. Memory limited without swap.
[INFO] running `Command { std: "docker" "start" "-a" "5a9abdd0aea8f41377025ee1c36eccbfe867aee0fe55ef3267a76d44e559d6ed", kill_on_drop: false }`
[INFO] [stderr]    Compiling libc v0.2.77
[INFO] [stderr]     Checking cfg-if v0.1.10
[INFO] [stderr]    Compiling autocfg v1.0.1
[INFO] [stderr]    Compiling log v0.4.11
[INFO] [stderr]    Compiling xml-rs v0.8.3
[INFO] [stderr]    Compiling unicode-xid v0.1.0
[INFO] [stderr]     Checking lazy_static v1.4.0
[INFO] [stderr]    Compiling bitflags v1.2.1
[INFO] [stderr]    Compiling libloading v0.6.3
[INFO] [stderr]    Compiling nix v0.14.1
[INFO] [stderr]     Checking void v1.0.2
[INFO] [stderr]     Checking slab v0.4.2
[INFO] [stderr]    Compiling maybe-uninit v2.0.0
[INFO] [stderr]    Compiling pkg-config v0.3.18
[INFO] [stderr]     Checking downcast-rs v1.2.0
[INFO] [stderr]     Checking xdg v2.2.0
[INFO] [stderr]     Checking smallvec v1.4.2
[INFO] [stderr]     Checking scopeguard v1.1.0
[INFO] [stderr]    Compiling cc v1.0.59
[INFO] [stderr]     Checking percent-encoding v2.1.0
[INFO] [stderr]     Checking rustc-demangle v0.1.16
[INFO] [stderr]    Compiling cgmath v0.17.0
[INFO] [stderr]     Checking takeable-option v0.5.0
[INFO] [stderr]     Checking fnv v1.0.7
[INFO] [stderr]     Checking lock_api v0.3.4
[INFO] [stderr]    Compiling proc-macro2 v0.4.30
[INFO] [stderr]     Checking stb_truetype v0.3.1
[INFO] [stderr]     Checking dlib v0.4.2
[INFO] [stderr]     Checking wayland-sys v0.23.6
[INFO] [stderr]    Compiling num-traits v0.2.12
[INFO] [stderr]    Compiling miniz_oxide v0.4.2
[INFO] [stderr]    Compiling memoffset v0.5.5
[INFO] [stderr]    Compiling x11-dl v2.18.5
[INFO] [stderr]    Compiling gl_generator v0.14.0
[INFO] [stderr]    Compiling quote v0.6.13
[INFO] [stderr]    Compiling wayland-scanner v0.23.6
[INFO] [stderr]     Checking iovec v0.1.4
[INFO] [stderr]     Checking net2 v0.2.35
[INFO] [stderr]     Checking parking_lot_core v0.7.2
[INFO] [stderr]     Checking memmap v0.7.0
[INFO] [stderr]     Checking shared_library v0.1.9
[INFO] [stderr]     Checking raw-window-handle v0.3.3
[INFO] [stderr]     Checking getrandom v0.1.15
[INFO] [stderr]     Checking rand_os v0.1.3
[INFO] [stderr]    Compiling libloading v0.5.2
[INFO] [stderr]     Checking rand v0.6.5
[INFO] [stderr]     Checking osmesa-sys v0.1.2
[INFO] [stderr]     Checking rand_core v0.5.1
[INFO] [stderr]     Checking parking_lot v0.10.2
[INFO] [stderr]     Checking mio v0.6.22
[INFO] [stderr]     Checking backtrace v0.3.50
[INFO] [stderr]     Checking rand_chacha v0.2.2
[INFO] [stderr]    Compiling glutin_egl_sys v0.1.5
[INFO] [stderr]    Compiling glutin_glx_sys v0.1.7
[INFO] [stderr]    Compiling glium v0.27.0
[INFO] [stderr]     Checking approx v0.3.2
[INFO] [stderr]     Checking ordered-float v1.1.0
[INFO] [stderr]     Checking line_drawing v0.7.0
[INFO] [stderr]     Checking rand v0.7.3
[INFO] [stderr]     Checking rusttype v0.8.3
[INFO] [stderr]     Checking mio-extras v2.0.6
[INFO] [stderr]     Checking rusttype v0.7.9
[INFO] [stderr]     Checking andrew v0.2.1
[INFO] [stderr]    Compiling wayland-client v0.23.6
[INFO] [stderr]    Compiling wayland-protocols v0.23.6
[INFO] [stderr]     Checking calloop v0.4.4
[INFO] [stderr]     Checking wayland-commons v0.23.6
[INFO] [stderr]     Checking smithay-client-toolkit v0.6.6
[INFO] [stderr]     Checking winit v0.22.2
[INFO] [stderr]     Checking glutin v0.24.1
[INFO] [stderr]     Checking snek v0.1.0 (/opt/rustwide/workdir)
[INFO] [stdout] error[E0432]: unresolved import `glium::DisplayBuild`
[INFO] [stdout]   --> src/main.rs:41:17
[INFO] [stdout]    |
[INFO] [stdout] 41 |     use glium::{DisplayBuild, Surface};
[INFO] [stdout]    |                 ^^^^^^^^^^^^ no `DisplayBuild` in the root
[INFO] [stdout] 
[INFO] [stdout] 
[INFO] [stdout] error[E0432]: unresolved import `glium::glutin::Event`
[INFO] [stdout]   --> src/events.rs:40:40
[INFO] [stdout]    |
[INFO] [stdout] 40 |                       use glium::glutin::Event::*;
[INFO] [stdout]    |                                          ^^^^^ could not find `Event` in `glutin`
[INFO] [stdout]    | 
[INFO] [stdout]   ::: src/main.rs:12:1
[INFO] [stdout]    |
[INFO] [stdout] 12 | / struct_events! {
[INFO] [stdout] 13 | |     keyboard: {
[INFO] [stdout] 14 | |         key_escape : Escape,
[INFO] [stdout] 15 | |         key_up : Up,
[INFO] [stdout] ...  |
[INFO] [stdout] 22 | |     }
[INFO] [stdout] 23 | | }
[INFO] [stdout]    | |_- in this macro invocation
[INFO] [stdout]    |
[INFO] [stdout]    = note: this error originates in a macro (in Nightly builds, run with -Z macro-backtrace for more info)
[INFO] [stdout] 
[INFO] [stdout] 
[INFO] [stdout] error[E0432]: unresolved import `glium::glutin::VirtualKeyCode`
[INFO] [stdout]   --> src/events.rs:41:40
[INFO] [stdout]    |
[INFO] [stdout] 41 |                       use glium::glutin::VirtualKeyCode::*;
[INFO] [stdout]    |                                          ^^^^^^^^^^^^^^ could not find `VirtualKeyCode` in `glutin`
[INFO] [stdout]    | 
[INFO] [stdout]   ::: src/main.rs:12:1
[INFO] [stdout]    |
[INFO] [stdout] 12 | / struct_events! {
[INFO] [stdout] 13 | |     keyboard: {
[INFO] [stdout] 14 | |         key_escape : Escape,
[INFO] [stdout] 15 | |         key_up : Up,
[INFO] [stdout] ...  |
[INFO] [stdout] 22 | |     }
[INFO] [stdout] 23 | | }
[INFO] [stdout]    | |_- in this macro invocation
[INFO] [stdout]    |
[INFO] [stdout]    = note: this error originates in a macro (in Nightly builds, run with -Z macro-backtrace for more info)
[INFO] [stdout] 
[INFO] [stdout] 
[INFO] [stdout] error[E0432]: unresolved import `glium::glutin::ElementState`
[INFO] [stdout]   --> src/events.rs:42:40
[INFO] [stdout]    |
[INFO] [stdout] 42 |                       use glium::glutin::ElementState::*;
[INFO] [stdout]    |                                          ^^^^^^^^^^^^ could not find `ElementState` in `glutin`
[INFO] [stdout]    | 
[INFO] [stdout]   ::: src/main.rs:12:1
[INFO] [stdout]    |
[INFO] [stdout] 12 | / struct_events! {
[INFO] [stdout] 13 | |     keyboard: {
[INFO] [stdout] 14 | |         key_escape : Escape,
[INFO] [stdout] 15 | |         key_up : Up,
[INFO] [stdout] ...  |
[INFO] [stdout] 22 | |     }
[INFO] [stdout] 23 | | }
[INFO] [stdout]    | |_- in this macro invocation
[INFO] [stdout]    |
[INFO] [stdout]    = note: this error originates in a macro (in Nightly builds, run with -Z macro-backtrace for more info)
[INFO] [stdout] 
[INFO] [stdout] 
[INFO] [stdout] error[E0433]: failed to resolve: could not find `glutin_backend` in `backend`
[INFO] [stdout]   --> src/events.rs:36:62
[INFO] [stdout]    |
[INFO] [stdout] 36 |               pub fn poll(&mut self, display: &glium::backend::glutin_backend::GlutinFacade) {
[INFO] [stdout]    |                                                                ^^^^^^^^^^^^^^ could not find `glutin_backend` in `backend`
[INFO] [stdout]    | 
[INFO] [stdout]   ::: src/main.rs:12:1
[INFO] [stdout]    |
[INFO] [stdout] 12 | / struct_events! {
[INFO] [stdout] 13 | |     keyboard: {
[INFO] [stdout] 14 | |         key_escape : Escape,
[INFO] [stdout] 15 | |         key_up : Up,
[INFO] [stdout] ...  |
[INFO] [stdout] 22 | |     }
[INFO] [stdout] 23 | | }
[INFO] [stdout]    | |_- in this macro invocation
[INFO] [stdout]    |
[INFO] [stdout]    = note: this error originates in a macro (in Nightly builds, run with -Z macro-backtrace for more info)
[INFO] [stdout] 
[INFO] [stdout] 
[INFO] [stdout] error[E0531]: cannot find tuple struct or tuple variant `KeyboardInput` in this scope
[INFO] [stdout]   --> src/events.rs:45:25
[INFO] [stdout]    |
[INFO] [stdout] 45 |                           KeyboardInput(state, _, key) => match key {     
[INFO] [stdout]    |                           ^^^^^^^^^^^^^ not found in this scope
[INFO] [stdout]    | 
[INFO] [stdout]   ::: src/main.rs:12:1
[INFO] [stdout]    |
[INFO] [stdout] 12 | / struct_events! {
[INFO] [stdout] 13 | |     keyboard: {
[INFO] [stdout] 14 | |         key_escape : Escape,
[INFO] [stdout] 15 | |         key_up : Up,
[INFO] [stdout] ...  |
[INFO] [stdout] 22 | |     }
[INFO] [stdout] 23 | | }
[INFO] [stdout]    | |_- in this macro invocation
[INFO] [stdout]    |
[INFO] [stdout]    = note: this error originates in a macro (in Nightly builds, run with -Z macro-backtrace for more info)
[INFO] [stdout] 
[INFO] [stdout] 
[INFO] [stdout] error[E0433]: failed to resolve: could not find `WindowBuilder` in `glutin`
[INFO] [stdout]   --> src/main.rs:48:34
[INFO] [stdout]    |
[INFO] [stdout] 48 |     let display = glium::glutin::WindowBuilder::new()
[INFO] [stdout]    |                                  ^^^^^^^^^^^^^ not found in `glium::glutin`
[INFO] [stdout]    |
[INFO] [stdout] help: consider importing this struct
[INFO] [stdout]    |
[INFO] [stdout] 8  | use glium::glutin::window::WindowBuilder;
[INFO] [stdout]    |
[INFO] [stdout] 
[INFO] [stdout] 
[INFO] [stdout] error[E0432]: unresolved import `glium::DisplayBuild`
[INFO] [stdout]   --> src/main.rs:41:17
[INFO] [stdout]    |
[INFO] [stdout] 41 |     use glium::{DisplayBuild, Surface};
[INFO] [stdout]    |                 ^^^^^^^^^^^^ no `DisplayBuild` in the root
[INFO] [stdout] 
[INFO] [stdout] 
[INFO] [stdout] error[E0432]: unresolved import `glium::glutin::Event`
[INFO] [stdout]   --> src/events.rs:40:40
[INFO] [stdout]    |
[INFO] [stdout] 40 |                       use glium::glutin::Event::*;
[INFO] [stdout]    |                                          ^^^^^ could not find `Event` in `glutin`
[INFO] [stdout]    | 
[INFO] [stdout]   ::: src/main.rs:12:1
[INFO] [stdout]    |
[INFO] [stdout] 12 | / struct_events! {
[INFO] [stdout] 13 | |     keyboard: {
[INFO] [stdout] 14 | |         key_escape : Escape,
[INFO] [stdout] 15 | |         key_up : Up,
[INFO] [stdout] ...  |
[INFO] [stdout] 22 | |     }
[INFO] [stdout] 23 | | }
[INFO] [stdout]    | |_- in this macro invocation
[INFO] [stdout]    |
[INFO] [stdout]    = note: this error originates in a macro (in Nightly builds, run with -Z macro-backtrace for more info)
[INFO] [stdout] 
[INFO] [stdout] 
[INFO] [stdout] error[E0432]: unresolved import `glium::glutin::VirtualKeyCode`
[INFO] [stdout]   --> src/events.rs:41:40
[INFO] [stdout]    |
[INFO] [stdout] 41 |                       use glium::glutin::VirtualKeyCode::*;
[INFO] [stdout]    |                                          ^^^^^^^^^^^^^^ could not find `VirtualKeyCode` in `glutin`
[INFO] [stdout]    | 
[INFO] [stdout]   ::: src/main.rs:12:1
[INFO] [stdout]    |
[INFO] [stdout] 12 | / struct_events! {
[INFO] [stdout] 13 | |     keyboard: {
[INFO] [stdout] 14 | |         key_escape : Escape,
[INFO] [stdout] 15 | |         key_up : Up,
[INFO] [stdout] ...  |
[INFO] [stdout] 22 | |     }
[INFO] [stdout] 23 | | }
[INFO] [stdout]    | |_- in this macro invocation
[INFO] [stdout]    |
[INFO] [stdout]    = note: this error originates in a macro (in Nightly builds, run with -Z macro-backtrace for more info)
[INFO] [stdout] 
[INFO] [stdout] 
[INFO] [stdout] error[E0432]: unresolved import `glium::glutin::ElementState`
[INFO] [stdout]   --> src/events.rs:42:40
[INFO] [stdout]    |
[INFO] [stdout] 42 |                       use glium::glutin::ElementState::*;
[INFO] [stdout]    |                                          ^^^^^^^^^^^^ could not find `ElementState` in `glutin`
[INFO] [stdout]    | 
[INFO] [stdout]   ::: src/main.rs:12:1
[INFO] [stdout]    |
[INFO] [stdout] 12 | / struct_events! {
[INFO] [stdout] 13 | |     keyboard: {
[INFO] [stdout] 14 | |         key_escape : Escape,
[INFO] [stdout] 15 | |         key_up : Up,
[INFO] [stdout] ...  |
[INFO] [stdout] 22 | |     }
[INFO] [stdout] 23 | | }
[INFO] [stdout]    | |_- in this macro invocation
[INFO] [stdout]    |
[INFO] [stdout]    = note: this error originates in a macro (in Nightly builds, run with -Z macro-backtrace for more info)
[INFO] [stdout] 
[INFO] [stdout] 
[INFO] [stdout] error[E0433]: failed to resolve: could not find `glutin_backend` in `backend`
[INFO] [stdout]   --> src/events.rs:36:62
[INFO] [stdout]    |
[INFO] [stdout] 36 |               pub fn poll(&mut self, display: &glium::backend::glutin_backend::GlutinFacade) {
[INFO] [stdout]    |                                                                ^^^^^^^^^^^^^^ could not find `glutin_backend` in `backend`
[INFO] [stdout]    | 
[INFO] [stdout]   ::: src/main.rs:12:1
[INFO] [stdout]    |
[INFO] [stdout] 12 | / struct_events! {
[INFO] [stdout] 13 | |     keyboard: {
[INFO] [stdout] 14 | |         key_escape : Escape,
[INFO] [stdout] 15 | |         key_up : Up,
[INFO] [stdout] ...  |
[INFO] [stdout] 22 | |     }
[INFO] [stdout] 23 | | }
[INFO] [stdout]    | |_- in this macro invocation
[INFO] [stdout]    |
[INFO] [stdout]    = note: this error originates in a macro (in Nightly builds, run with -Z macro-backtrace for more info)
[INFO] [stdout] 
[INFO] [stdout] 
[INFO] [stdout] error[E0531]: cannot find tuple struct or tuple variant `KeyboardInput` in this scope
[INFO] [stdout]   --> src/events.rs:45:25
[INFO] [stdout]    |
[INFO] [stdout] 45 |                           KeyboardInput(state, _, key) => match key {     
[INFO] [stdout]    |                           ^^^^^^^^^^^^^ not found in this scope
[INFO] [stdout]    | 
[INFO] [stdout]   ::: src/main.rs:12:1
[INFO] [stdout]    |
[INFO] [stdout] 12 | / struct_events! {
[INFO] [stdout] 13 | |     keyboard: {
[INFO] [stdout] 14 | |         key_escape : Escape,
[INFO] [stdout] 15 | |         key_up : Up,
[INFO] [stdout] ...  |
[INFO] [stdout] 22 | |     }
[INFO] [stdout] 23 | | }
[INFO] [stdout]    | |_- in this macro invocation
[INFO] [stdout]    |
[INFO] [stdout]    = note: this error originates in a macro (in Nightly builds, run with -Z macro-backtrace for more info)
[INFO] [stdout] 
[INFO] [stdout] 
[INFO] [stdout] error[E0433]: failed to resolve: could not find `WindowBuilder` in `glutin`
[INFO] [stdout]   --> src/main.rs:48:34
[INFO] [stdout]    |
[INFO] [stdout] 48 |     let display = glium::glutin::WindowBuilder::new()
[INFO] [stdout]    |                                  ^^^^^^^^^^^^^ not found in `glium::glutin`
[INFO] [stdout]    |
[INFO] [stdout] help: consider importing this struct
[INFO] [stdout]    |
[INFO] [stdout] 8  | use glium::glutin::window::WindowBuilder;
[INFO] [stdout]    |
[INFO] [stdout] 
[INFO] [stdout] 
[INFO] [stdout] warning: unused import: `Surface`
[INFO] [stdout]   --> src/main.rs:41:31
[INFO] [stdout]    |
[INFO] [stdout] 41 |     use glium::{DisplayBuild, Surface};
[INFO] [stdout]    |                               ^^^^^^^
[INFO] [stdout]    |
[INFO] [stdout]    = note: `#[warn(unused_imports)]` on by default
[INFO] [stdout] 
[INFO] [stdout] 
[INFO] [stdout] error: aborting due to 7 previous errors; 1 warning emitted
[INFO] [stdout] 
[INFO] [stdout] 
[INFO] [stdout] Some errors have detailed explanations: E0432, E0433, E0531.
[INFO] [stdout] 
[INFO] [stdout] For more information about an error, try `rustc --explain E0432`.
[INFO] [stdout] 
[INFO] [stderr] error: could not compile `snek`.
[INFO] [stderr] 
[INFO] [stderr] To learn more, run the command again with --verbose.
[INFO] [stderr] warning: build failed, waiting for other jobs to finish...
[INFO] [stdout] warning: unused import: `Surface`
[INFO] [stdout]   --> src/main.rs:41:31
[INFO] [stdout]    |
[INFO] [stdout] 41 |     use glium::{DisplayBuild, Surface};
[INFO] [stdout]    |                               ^^^^^^^
[INFO] [stdout]    |
[INFO] [stdout]    = note: `#[warn(unused_imports)]` on by default
[INFO] [stdout] 
[INFO] [stdout] 
[INFO] [stdout] error: aborting due to 7 previous errors; 1 warning emitted
[INFO] [stdout] 
[INFO] [stdout] 
[INFO] [stdout] Some errors have detailed explanations: E0432, E0433, E0531.
[INFO] [stdout] 
[INFO] [stdout] For more information about an error, try `rustc --explain E0432`.
[INFO] [stdout] 
[INFO] [stderr] error: build failed
[INFO] running `Command { std: "docker" "inspect" "5a9abdd0aea8f41377025ee1c36eccbfe867aee0fe55ef3267a76d44e559d6ed", kill_on_drop: false }`
[INFO] running `Command { std: "docker" "rm" "-f" "5a9abdd0aea8f41377025ee1c36eccbfe867aee0fe55ef3267a76d44e559d6ed", kill_on_drop: false }`
[INFO] [stdout] 5a9abdd0aea8f41377025ee1c36eccbfe867aee0fe55ef3267a76d44e559d6ed
